 of -w**2/2 + 1. Let u be q(1). Let y(n) be the third derivative of n**5/30 - 19*n**2. Calculate y(u).
2
Let w(a) = 1 + 0*a + 0 + 3 + 2*a. Let s = 0 - 5. Determine w(s).
-6
Let c(r) be the first derivative of r**2/2 + r - 9. Let v(g) = -8*g - 1. Let u(k) = 6*c(k) + v(k). Determine u(5).
-5
Let g(x) = -x**3 + 2*x**2 - 2*x + 4. Let t = 14 - 11. Determine g(t).
-11
Let g(y) be the second derivative of y**5/20 - 7*y**4/12 + 4*y**3/3 - 9*y**2/2 - 10*y. Let j(a) = a**3 - 3*a**2 + a + 3. Let v be j(3). Determine g(v).
3
Let p be 1/2 - (-66)/4. Suppose 8 = 5*a - p. Let g(h) = h**3 - 4*h**2 - 5*h - 2. Calculate g(a).
-2
Let h(v) be the second derivative of -1/4*v**4 + 0 + 1/2*v**3 - 1/30*v**5 - 1/360*v**6 + 0*v**2 + 3*v. Let q(i) be the second derivative of h(i). What is q(-4)?
-6
Let f(g) = 4*g**2 - 6*g + 9. Let s(l) = -l**2. Let m(i) = -f(i) - 3*s(i). Give m(7).
-16
Let c(p) = -6*p + 6*p - 2 + 4 - p**2 + 2*p**3. What is c(2)?
14
Let m(z) = z. Let q(w) = w + 1. Let d(u) = -m(u) + 2*q(u). Let k be d(2). Let t(v) = v**3 - 5*v**2 + 4*v - 4. Calculate t(k).
-4
Let s(q) = -17*q - 10. Let w be s(-1). Let k(b) = -b**3 + 6*b**2 + 7*b - 5. Determine k(w).
-5
Let p(v) = v**2 + 4*v - 7. Let h(u) = u**3 - 7*u**2 - u + 1. Let o(y) = -y**2 - 13*y - 15. Let a be o(-11). Let z be h(a). Determine p(z).
5
Let u = -4 - -3. Let i be 5 + 0/(-1) + u. Let m(x) = -x**2 + 5*x - 3. Determine m(i).
1
Let p(q) = 5. Suppose 7 = -4*i - 13. Let o(s) = s + 11. Let a(d) = i*p(d) + 2*o(d). What is a(5)?
7
Let d(o) = -7*o - 7. Let w(p) = 20*p + 21. Let a = -22 - -5. Let j(m) = a*d(m) - 6*w(m). What is j(-4)?
-3
Let b be (-3)/9 + (-32)/12. Let n = 3 - 2. Let t(v) = 4 + n - 2 + v. Give t(b).
0
Let s(x) be the first derivative of -8*x + 1/3*x**3 - 2*x**2 + 3. Calculate s(6).
4
Let y(h) be the second derivative of h**4/12 + h**3/6 - h**2 + 2*h. Determine y(0).
-2
Let m = 5 - 3. Let h(k) = 6*k - k + k - k - 6 + 7*k**m + k**3. What is h(-6)?
0
Let b(z) be the second derivative of -z**5/20 + z**4/12 + 5*z**3/6 - 3*z**2/2 + 6*z. Let m be (-1 - 0)/((-3)/(-9)). Let l = 6 + m. What is b(l)?
-6
Let c(f) = -f**2 + 8*f + 1. Suppose 2*v - v = 0, -5 = -5*j - 5*v. Suppose 0 = -5*t - 5*h + 60, 4*h + j - 14 = t. What is c(t)?
8
Let p(s) = -s + 1. Suppose 0*i - 5*i - 5 = -k, -15 = -3*k + 5*i. Determine p(k).
-4
Let q(j) = 3*j**2 + j**2 - 6 - 3*j**2 + 4*j. Let x be q(-6). Suppose 4*u = -d + 6*u, 0 = 3*d - 3*u - x. Let c(k) = k**3 - 3*k**2 - 6*k + 6. Give c(d).
-2
Let j(i) be the second derivative of 7*i + 0 + 2*i**2 + 1/6*i**3. Give j(-2).
2
Let x be 6/(2 - -1) + -5. Let b(a) = -a**2 - 2*a. Let j be b(x). Let i(v) = -v**2 - v - 1 + 2*v - 2*v. Determine i(j).
-7
Let p = 17 - 9. Suppose -5*s - p = 17. Let j(h) = -h**3 - 4*h**2 + 6*h + 5. Determine j(s).
0
Let d(g) be the third derivative of g**5/60 - 5*g**4/24 - g**3/6 + 16*g**2 + 1. Let v = -1 - -5. Give d(v).
-5
Suppose -n + 2*h + 8 = -0*n, 4*n + 2*h + 18 = 0. Let o(a) = a**3 - a**2 - 3*a - 3. Give o(n).
-9
Let g be (-35)/21*(-24)/20. Let s(o) = -4*o + 5*o - 1 - 3. What is s(g)?
-2
Let j = 0 - -4. Let q(s) = 2 + 1 - j*s + 2*s**2 + 0 - s**2. Let y(o) = 4*o**2 - 2*o - 1. Let t be y(-1). Calculate q(t).
8
Let z(h) = h**3 - 48*h**2 + 8*h + 54*h**2 - 8 - 2*h**3. Determine z(7).
-1
Let a(w) = 2*w**3 - 2*w**2 + 4*w - 1. Let f(i) = 0*i**2 - 5*i**3 + 2*i**3 + i**2 - 7*i + 1 + 3*i**2. Let j(d) = 5*a(d) + 3*f(d). Determine j(-2).
0
Suppose 1 = 3*n - 2*n. Let z = 0 - n. Let b = 1 + z. Let l(t) = -t**3 + t + 6. Determine l(b).
6
Let y(v) = -v. Let r(n) = -1. Let m(b) = -r(b) + 2*y(b). Let j(f) = -f**3 + 16*f**2 + 19*f - 36. Let u be j(17). Give m(u).
5
Let g(f) = f + 4. Let p be g(-3). Let q = 1 - p. Let m(h) = h + q*h**2 - 6*h**2 + h**2. Determine m(-1).
-6
Let t(h) = 6*h**3 - 2*h - 1. Suppose -7*i = 3 + 4. Calculate t(i).
-5
Let i(n) = 43*n - 7*n - 3 + n**2 - 11*n - 15*n. What is i(-7)?
-24
Let o(b) = -5*b - 3*b**2 + 1 + 2*b**2 - 3. Let c be o(-4). Let i(y) = 4 - 2*y**c - 2*y**2 + 6*y + 5*y**2. Determine i(-3).
-5
Let u(m) = 11*m + 4*m - 2*m. Suppose f - 50 = -5*p, -p - 4*p + 4*f + 75 = 0. Let a(j) = 7*j. Let b(q) = p*a(q) - 6*u(q). Determine b(-1).
1
Let g(c) = -5*c + 6. Let y(t) = t + 15. Let i be y(-11). Determine g(i).
-14
Let m(u) = u**3 - 2*u**2 - 2*u + 4. Suppose 2*q = 3*q + 3*o - 17, o - 5 = 0. Let s be (1/(-2))/(q/(-12)). Calculate m(s).
7
Let h(q) = -q - 1. Let w be h(-2). Let p be (10 + -5)/(0 - w). Let u(v) = v**3 + 5*v**2 + 3*v + 5. Calculate u(p).
-10
Let c(d) = d**3 + 2*d**2 - 2*d + 7. Let x(v) = -v**3 - v**2 + v - 7. Let r(w) = -5*c(w) - 4*x(w). Give r(-7).
0
Let v(u) be the first derivative of u**5/10 - u**4/12 + u**3/3 - u**2/2 + 5*u - 3. Let g(s) be the first derivative of v(s). Give g(2).
15
Let j be 4/3*21/14. Let m(g) = j*g + 5 - 2*g + 2 - g. Give m(-6).
13
Suppose -3*v = 3, 0 = -5*n + 3*v - 5*v + 13. Let h(m) = -5 + n + m - 4*m. Give h(-2).
4
Let t = 4 + -1. Suppose -5*l - 21 = 4, -p - 2*l = 5. Suppose p*d - 2 = t. Let a(v) = 4*v**3 + v**2 + v - 1. Give a(d).
5
Let f(c) = 6*c - 1. Let t(s) = 13*s - 2. Let d(i) = 9*f(i) - 4*t(i). Suppose -4*z + 6 = 3*v, -v - 4*v - 25 = -5*z. Suppose 0*u = z*u - 6. Determine d(u).
3
Suppose -40 = -8*j + 3*j. Suppose p - 3*p - j = 0. Let k(f) = -2*f**2 + 2*f + 2. Let l(d) = 3*d**2 - 4*d - 4. Let t(q) = 5*k(q) + 3*l(q). Calculate t(p).
-10
Let t(w) = -4*w - 9. Let n(m) = -m - 1. Suppose 4*p = p - 3. Let i(o) = p*t(o) + 6*n(o). Let j(y) = y + 1. Let d(r) = -i(r) - j(r). What is d(5)?
1
Let q(z) = -z**3 - 6*z**2 - 7*z - 6. Suppose 4*y - 4 = 4. Let i be -5 + (y + -3)*-1. Give q(i).
-10
Let q(c) be the third derivative of -c**8/20160 - c**7/2520 + c**6/360 - c**5/15 - 9*c**2. Let u(j) be the third derivative of q(j). Calculate u(-4).
-6
Suppose 0 = -p - 2*p. Let m(l) = p + 2 + 2 + l. Calculate m(3).
7
Let b(p) = -p**2 + p - 10. Let h = -48 - -48. What is b(h)?
-10
Let n(a) = -a. Let g(m) = -m. Let o(j) = 4*g(j) - 6*n(j). What is o(-3)?
-6
Let l(v) = -6*v - 3. Let y(t) = -9*t - 5. Let d be 2*1 + -5 + 6. Suppose d*b - 5 = 4*b. Let i(s) = b*y(s) + 8*l(s). Determine i(-1).
4
Let h(i) = 6*i**2 - 3*i - 5*i**2 + 0 + 0 - 1. What is h(4)?
3
Let h(v) = v**2 - 1. Let m(g) = 2*g**2 - 6. Let k(i) = -i**2 - i + 1. Let z be k(-1). Let q(p) = z*m(p) - h(p). Determine q(4).
11
Let l(q) be the first derivative of -q**3/3 + 2*q**2 - 10. Give l(5).
-5
Let w be 3/9*(-14 + -1). Let s(r) = 2*r - 2. Let i(x) = 3*x - 3. Let d(l) = w*i(l) + 8*s(l). Determine d(-2).
-3
Let f(o) = -1 + 2 - o**2 + 2*o - 4. Let r = 18 + -15. Give f(r).
-6
Suppose 2*g = 4*q - 26, 2*q + 3*g - 13 = 12. Let x(r) = r**2 - 2 - 2*r**2 + q*r - 3. Let i be 24/(-40)*(-75)/27*3. Determine x(i).
10
Let h(k) = -k**2 - 5*k + 4. Let f be h(-5). Suppose 9 = 4*x - 19. Let v(p) = 10*p + 5 - x*p - f*p. Calculate v(5).
0
Let w(i) = i**2 + 8*i + 8. Let u(p) = -2*p**2 - 17*p - 17. Let d(n) = -3*u(n) - 7*w(n). Let f(m) be the first derivative of d(m). What is f(-4)?
3
Let i = 16 - 9. Let h(z) = -3 + 1 - 2 + i*z + 5. What is h(1)?
8
Let j(s) be the third derivative of -3/2*s**3 + 0 + 3*s**2 - 1/24*s**4 + 0*s. Suppose 5*m = 2*m. Give j(m).
-9
Let q(z) = -18 + 27 + z - 9. Give q(5).
5
Let r(b) = b**2 + b. Let m be r(-2). Let t be 1/(m - 5/3). Let z(x) = 3*x + x + x**2 - 3*x**2. What is z(t)?
-6
Suppose 0 = 5*n - 5. Let c(s) be the first derivative of -n + 3/2*s**2 - 6*s. What is c(4)?
6
Suppose 0 = -5*x + 2*c + 24, 6*x - x - 5*c - 15 = 0. Let u(s) = s**2 - 7*s + 7. Calculate u(x).
1
Suppose 0 = -3*q + b - 0*b - 8, 4*b - 4 = 5*q. Let y(s) = s + 7. Calculate y(q).
3
Let i(t) be the third derivative of 1/6*t**3 + 0 + 2*t**2 + 1/60*t**5 + 0*t - 1/8*t**4. Let m be i(3). Let d(s) = 9*s. What is d(m)?
9
Let r(n) = -2*n + 4*n - 3*n. Let s(l) = 0 - l + l**2 - 1 + l + 3*l. Let t be s(-4). Calculate r(t).
-3
Let i(m) = -2*m - 5. Let n be (-2)/4 + (-35)/(-14). Let l(w) = -4*w - 11. Let v(u) = n*l(u) - 5*i(u). Give v(-3).
-3
Let r(v) = v**2 - 5*v + 2. Let k be r(5). Suppose -10 = -3*b + 2*b. Suppose 0*l + b = -k*l. Let q(z) = -z**2 - 5*z - 4. Give q(l).
-4
Let k = -11 + 16. Suppose 0 = k*h - h + 24. Let i(p) = -p**3 - 7*p**2 - 4*p + 8. What is i(h)?
-4
Let j(f) = f**3 + 3*f**2 - f + 5. Let u(k) = -k + 3. Let r be u(4). Let p = r - 3. Give j(p).
-7
Suppose -2*x - 6 = x, 0 = -c - 4*x - 6. Let m(k) = 